{"id":1025617,"date":"2025-09-10T17:39:10","date_gmt":"2025-09-10T15:39:10","guid":{"rendered":"https:\/\/centre-francais.de\/?post_type=ajde_events&#038;p=1025617"},"modified":"2025-09-15T10:38:59","modified_gmt":"2025-09-15T08:38:59","slug":"sri-lanka-abend-kino-party","status":"publish","type":"ajde_events","link":"https:\/\/centre-francais.de\/de\/events\/sri-lanka-abend-kino-party\/","title":{"rendered":"[3.10] Sri Lanka Abend &#8211; Kino &#038; Party"},"content":{"rendered":"<div class=\"x14z9mp xat24cr x1lziwak x1vvkbs xtlvy1s\">\n<p>Zum ersten Mal in Deutschland wird ein Biopic eines Sri Lankischen Musikers gezeigt und anschlie\u00dfend eine After-Film-Party mit seiner Musik veranstaltet.<\/p>\n<p>Sei dabei! Feiere mit!<\/p>\n<\/div>\n<div>\n<p><strong>\u2b07\ufe0f Programm<\/strong><\/p>\n<p><strong>17:30-20:15 : Film \u00ab Clarence : Rhythm of the Guitar \u00bb<\/strong><\/p>\n<p><em>Genie\u00dfen Sie den Film \u00fcber Clarence Wijewardena, der die sri-lankische Musik nachhaltig gepr\u00e4gt hat. Erleben Sie die musikalische Hommage, welches die Auftritte von Clarence feiert und sein Verm\u00e4chtnis w\u00fcrdigt.<\/em><\/p>\n<p><strong>20h30-00h00 : After-party mit Ceylon Vibes &#8211; Live !<\/strong><\/p>\n<p><em>Entdecken Sie die goldene \u00c4ra der sri-lankischen Popmusik mit unvergesslichen Hits von Clarence, Moonstones, Golden Chimes und Super Golden Chimes live gespielt von Ceylon Vibes.<\/em><\/p>\n<p>\ud83d\udccc <strong>Praktische Infos<\/strong><\/p>\n<p>\ud83d\udcc53. Oktober 2025 ab 17:30<\/p>\n<p>\ud83d\udccd City Kino Wedding bei Centre Fran\u00e7ais, M\u00fcllerstra\u00dfe 74, 13349 Berlin<\/p>\n<p>\ud83c\udf9f\ufe0f<a href=\"https:\/\/eventfrog.de\/de\/p\/party\/70-s\/clarence-rhythm-of-the-gutar-7369695673241881873.html\" target=\"_blank\" rel=\"noopener\"><span style=\"color: #0000ff;\">Kaufen Sie Ihre Tickets<\/span><\/a> !<\/p>\n<p>Authentisches sri-lankisches Essen und Getr\u00e4nke<\/p>\n<p>Dress-Code-Vorschlag: 70er-Jahre-Stil \u2013 Tanze und erlebe die Magie einer legend\u00e4ren \u00c4ra<\/p>\n<p>Erlebe mit uns einen unvergesslichen Abend toller Musik, Flair und Nostalgie!<\/p>\n<\/div>\n<p><img loading=\"lazy\" decoding=\"async\" class=\"alignnone wp-image-1025612 size-full\" src=\"https:\/\/centre-francais.de\/wp-content\/uploads\/2025\/09\/Film-sri-lankais.png\" alt=\"\" width=\"493\" height=\"640\" srcset=\"https:\/\/centre-francais.de\/wp-content\/uploads\/2025\/09\/Film-sri-lankais.png 493w, https:\/\/centre-francais.de\/wp-content\/uploads\/2025\/09\/Film-sri-lankais-231x300.png 231w\" sizes=\"(max-width: 493px) 100vw, 493px\" \/><\/p>\n","protected":false},"author":11,"featured_media":1025614,"menu_order":0,"comment_status":"closed","ping_status":"closed","template":"","meta":[],"tags":[],"event_type":[162,163,182,35,87],"event_type_2":[],"class_list":{"0":"post-1025617","1":"ajde_events","2":"type-ajde_events","3":"status-publish","4":"has-post-thumbnail","6":"event_location-city-kino-wedding","7":"event_type-60-ans-60-jahre","8":"event_type-coaching-professionnel","9":"event_type-kultur","10":"event_type-concerts","11":"event_type-divers"},"_links":{"self":[{"href":"https:\/\/centre-francais.de\/de\/wp-json\/wp\/v2\/ajde_events\/1025617"}],"collection":[{"href":"https:\/\/centre-francais.de\/de\/wp-json\/wp\/v2\/ajde_events"}],"about":[{"href":"https:\/\/centre-francais.de\/de\/wp-json\/wp\/v2\/types\/ajde_events"}],"author":[{"embeddable":true,"href":"https:\/\/centre-francais.de\/de\/wp-json\/wp\/v2\/users\/11"}],"replies":[{"embeddable":true,"href":"https:\/\/centre-francais.de\/de\/wp-json\/wp\/v2\/comments?post=1025617"}],"wp:featuredmedia":[{"embeddable":true,"href":"https:\/\/centre-francais.de\/de\/wp-json\/wp\/v2\/media\/1025614"}],"wp:attachment":[{"href":"https:\/\/centre-francais.de\/de\/wp-json\/wp\/v2\/media?parent=1025617"}],"wp:term":[{"taxonomy":"post_tag","embeddable":true,"href":"https:\/\/centre-francais.de\/de\/wp-json\/wp\/v2\/tags?post=1025617"},{"taxonomy":"event_type","embeddable":true,"href":"https:\/\/centre-francais.de\/de\/wp-json\/wp\/v2\/event_type?post=1025617"},{"taxonomy":"event_type_2","embeddable":true,"href":"https:\/\/centre-francais.de\/de\/wp-json\/wp\/v2\/event_type_2?post=1025617"}],"curies":[{"name":"wp","href":"https:\/\/api.w.org\/{rel}","templated":true}]}}

<div class="x14z9mp xat24cr x1lziwak x1vvkbs xtlvy1s">
<p>Zum ersten Mal in Deutschland wird ein Biopic eines Sri Lankischen Musikers gezeigt und anschließend eine After-Film-Party mit seiner Musik veranstaltet.</p>
<p>Sei dabei! Feiere mit!</p>
</div>
<div>
<p><strong>⬇️ Programm</strong></p>
<p><strong>17:30-20:15 : Film « Clarence : Rhythm of the Guitar »</strong></p>
<p><em>Genießen Sie den Film über Clarence Wijewardena, der die sri-lankische Musik nachhaltig geprägt hat. Erleben Sie die musikalische Hommage, welches die Auftritte von Clarence feiert und sein Vermächtnis würdigt.</em></p>
<p><strong>20h30-00h00 : After-party mit Ceylon Vibes &#8211; Live !</strong></p>
<p><em>Entdecken Sie die goldene Ära der sri-lankischen Popmusik mit unvergesslichen Hits von Clarence, Moonstones, Golden Chimes und Super Golden Chimes live gespielt von Ceylon Vibes.</em></p>
<p>📌 <strong>Praktische Infos</strong></p>
<p>📅3. Oktober 2025 ab 17:30</p>
<p>📍 City Kino Wedding bei Centre Français, Müllerstraße 74, 13349 Berlin</p>
<p>🎟️<a href="https://eventfrog.de/de/p/party/70-s/clarence-rhythm-of-the-gutar-7369695673241881873.html" target="_blank" rel="noopener"><span style="color: #0000ff;">Kaufen Sie Ihre Tickets</span></a> !</p>
<p>Authentisches sri-lankisches Essen und Getränke</p>
<p>Dress-Code-Vorschlag: 70er-Jahre-Stil – Tanze und erlebe die Magie einer legendären Ära</p>
<p>Erlebe mit uns einen unvergesslichen Abend toller Musik, Flair und Nostalgie!</p>
</div>
<p><img loading="lazy" decoding="async" class="alignnone wp-image-1025612 size-full" src="https://centre-francais.de/wp-content/uploads/2025/09/Film-sri-lankais.png" alt="" width="493" height="640" srcset="https://centre-francais.de/wp-content/uploads/2025/09/Film-sri-lankais.png 493w, https://centre-francais.de/wp-content/uploads/2025/09/Film-sri-lankais-231x300.png 231w" sizes="(max-width: 493px) 100vw, 493px" /></p>
