{"id":1026974,"date":"2026-03-24T10:59:34","date_gmt":"2026-03-24T09:59:34","guid":{"rendered":"https:\/\/centre-francais.de\/events\/come-from-away-das-musical-inspiriert-von-einer-wahren-geschichte\/"},"modified":"2026-03-24T11:29:41","modified_gmt":"2026-03-24T10:29:41","slug":"come-from-away-das-musical-inspiriert-von-einer-wahren-geschichte","status":"publish","type":"ajde_events","link":"https:\/\/centre-francais.de\/de\/events\/come-from-away-das-musical-inspiriert-von-einer-wahren-geschichte\/","title":{"rendered":"COME FROM AWAY &#8211; Das Musical, inspiriert von einer wahren Geschichte"},"content":{"rendered":"<p><img loading=\"lazy\" decoding=\"async\" class=\"size-full wp-image-1026967\" src=\"https:\/\/centre-francais.de\/wp-content\/uploads\/2026\/03\/IMG_8410.jpeg\" alt=\"\" width=\"1085\" height=\"1508\" srcset=\"https:\/\/centre-francais.de\/wp-content\/uploads\/2026\/03\/IMG_8410.jpeg 1085w, https:\/\/centre-francais.de\/wp-content\/uploads\/2026\/03\/IMG_8410-216x300.jpeg 216w, https:\/\/centre-francais.de\/wp-content\/uploads\/2026\/03\/IMG_8410-737x1024.jpeg 737w, https:\/\/centre-francais.de\/wp-content\/uploads\/2026\/03\/IMG_8410-768x1067.jpeg 768w\" sizes=\"(max-width: 1085px) 100vw, 1085px\" \/><\/p>\n<h1>COME FROM AWAY \u2013 Das Musical, inspiriert von einer wahren Geschichte<\/h1>\n<p>&nbsp;<\/p>\n<p><strong>Am 11. September 2001 geriet die Welt schlagartig aus den Fugen.<\/strong><\/p>\n<p>Auf der kanadischen Insel Neufundland schloss sich eine Gemeinschaft zusammen und vollbrachte ein kleines Wunder der Menschlichkeit, das zeigt, dass wir alle in dunklen Zeiten ein Lichtblick der Hoffnung sein k\u00f6nnen.<\/p>\n<p>Hier ist ihre Geschichte.<\/p>\n<p>Das Stagies Berlin e. M. pr\u00e4sentiert <strong>die Berliner Premiere des erfolgreichen Musicals <\/strong>!<\/p>\n<p>&nbsp;<\/p>\n<p>Mit irisch <strong>inspirierter<\/strong> Live-Musik und basierend auf wahren Begebenheiten.<\/p>\n<p>Ausf\u00fchrliche Erl\u00e4uterung des historischen Hintergrunds und Begegnungsraum im Foyer.<\/p>\n<p>Anmeldung und Sonderkonditionen f\u00fcr Schulgruppen: Bitte senden Sie eine E-Mail an<span style=\"color: #0000ff;\"> <a style=\"color: #0000ff;\" href=\"mailto:schulen@stageink.org\" target=\"_blank\" rel=\"noopener\">schulen@stageink.org<\/a><\/span><\/p>\n<p>&nbsp;<\/p>\n<p><em>Musical mit Live-Band vom <strong>5. bis 14. Juni 2026<\/strong><\/em><\/p>\n<p>&nbsp;<\/p>\n<p><strong>\ud83d\udd50 Fr. 19 Uhr, Sa. 14 Uhr &amp; 19 Uhr, So. 18 Uhr<\/strong><\/p>\n<p>\ud83d\udccd\u00a0 Centre Fran\u00e7ais de Berlin, M\u00fcllerstra\u00dfe 74, 13349 Berlin<\/p>\n<p><img loading=\"lazy\" decoding=\"async\" class=\"size-full wp-image-1026972\" src=\"https:\/\/centre-francais.de\/wp-content\/uploads\/2026\/03\/IMG_8411.jpeg\" alt=\"\" width=\"1084\" height=\"1506\" srcset=\"https:\/\/centre-francais.de\/wp-content\/uploads\/2026\/03\/IMG_8411.jpeg 1084w, https:\/\/centre-francais.de\/wp-content\/uploads\/2026\/03\/IMG_8411-216x300.jpeg 216w, https:\/\/centre-francais.de\/wp-content\/uploads\/2026\/03\/IMG_8411-737x1024.jpeg 737w, https:\/\/centre-francais.de\/wp-content\/uploads\/2026\/03\/IMG_8411-768x1067.jpeg 768w\" sizes=\"(max-width: 1084px) 100vw, 1084px\" \/><\/p>\n","protected":false},"author":11,"featured_media":1026969,"menu_order":0,"comment_status":"closed","ping_status":"closed","template":"","meta":[],"tags":[],"event_type":[182,36],"event_type_2":[],"class_list":{"0":"post-1026974","1":"ajde_events","2":"type-ajde_events","3":"status-publish","4":"has-post-thumbnail","6":"event_location-centre-francais-de-berlin","7":"event_type-kultur","8":"event_type-kino"},"_links":{"self":[{"href":"https:\/\/centre-francais.de\/de\/wp-json\/wp\/v2\/ajde_events\/1026974"}],"collection":[{"href":"https:\/\/centre-francais.de\/de\/wp-json\/wp\/v2\/ajde_events"}],"about":[{"href":"https:\/\/centre-francais.de\/de\/wp-json\/wp\/v2\/types\/ajde_events"}],"author":[{"embeddable":true,"href":"https:\/\/centre-francais.de\/de\/wp-json\/wp\/v2\/users\/11"}],"replies":[{"embeddable":true,"href":"https:\/\/centre-francais.de\/de\/wp-json\/wp\/v2\/comments?post=1026974"}],"wp:featuredmedia":[{"embeddable":true,"href":"https:\/\/centre-francais.de\/de\/wp-json\/wp\/v2\/media\/1026969"}],"wp:attachment":[{"href":"https:\/\/centre-francais.de\/de\/wp-json\/wp\/v2\/media?parent=1026974"}],"wp:term":[{"taxonomy":"post_tag","embeddable":true,"href":"https:\/\/centre-francais.de\/de\/wp-json\/wp\/v2\/tags?post=1026974"},{"taxonomy":"event_type","embeddable":true,"href":"https:\/\/centre-francais.de\/de\/wp-json\/wp\/v2\/event_type?post=1026974"},{"taxonomy":"event_type_2","embeddable":true,"href":"https:\/\/centre-francais.de\/de\/wp-json\/wp\/v2\/event_type_2?post=1026974"}],"curies":[{"name":"wp","href":"https:\/\/api.w.org\/{rel}","templated":true}]}}

<p><img loading="lazy" decoding="async" class="size-full wp-image-1026967" src="https://centre-francais.de/wp-content/uploads/2026/03/IMG_8410.jpeg" alt="" width="1085" height="1508" srcset="https://centre-francais.de/wp-content/uploads/2026/03/IMG_8410.jpeg 1085w, https://centre-francais.de/wp-content/uploads/2026/03/IMG_8410-216x300.jpeg 216w, https://centre-francais.de/wp-content/uploads/2026/03/IMG_8410-737x1024.jpeg 737w, https://centre-francais.de/wp-content/uploads/2026/03/IMG_8410-768x1067.jpeg 768w" sizes="(max-width: 1085px) 100vw, 1085px" /></p>
<h1>COME FROM AWAY – Das Musical, inspiriert von einer wahren Geschichte</h1>
<p>&nbsp;</p>
<p><strong>Am 11. September 2001 geriet die Welt schlagartig aus den Fugen.</strong></p>
<p>Auf der kanadischen Insel Neufundland schloss sich eine Gemeinschaft zusammen und vollbrachte ein kleines Wunder der Menschlichkeit, das zeigt, dass wir alle in dunklen Zeiten ein Lichtblick der Hoffnung sein können.</p>
<p>Hier ist ihre Geschichte.</p>
<p>Das Stagies Berlin e. M. präsentiert <strong>die Berliner Premiere des erfolgreichen Musicals </strong>!</p>
<p>&nbsp;</p>
<p>Mit irisch <strong>inspirierter</strong> Live-Musik und basierend auf wahren Begebenheiten.</p>
<p>Ausführliche Erläuterung des historischen Hintergrunds und Begegnungsraum im Foyer.</p>
<p>Anmeldung und Sonderkonditionen für Schulgruppen: Bitte senden Sie eine E-Mail an<span style="color: #0000ff;"> <a style="color: #0000ff;" href="mailto:schulen@stageink.org" target="_blank" rel="noopener">schulen@stageink.org</a></span></p>
<p>&nbsp;</p>
<p><em>Musical mit Live-Band vom <strong>5. bis 14. Juni 2026</strong></em></p>
<p>&nbsp;</p>
<p><strong>🕐 Fr. 19 Uhr, Sa. 14 Uhr &amp; 19 Uhr, So. 18 Uhr</strong></p>
<p>📍  Centre Français de Berlin, Müllerstraße 74, 13349 Berlin</p>
<p><img loading="lazy" decoding="async" class="size-full wp-image-1026972" src="https://centre-francais.de/wp-content/uploads/2026/03/IMG_8411.jpeg" alt="" width="1084" height="1506" srcset="https://centre-francais.de/wp-content/uploads/2026/03/IMG_8411.jpeg 1084w, https://centre-francais.de/wp-content/uploads/2026/03/IMG_8411-216x300.jpeg 216w, https://centre-francais.de/wp-content/uploads/2026/03/IMG_8411-737x1024.jpeg 737w, https://centre-francais.de/wp-content/uploads/2026/03/IMG_8411-768x1067.jpeg 768w" sizes="(max-width: 1084px) 100vw, 1084px" /></p>
