{"id":522218,"date":"2024-12-04T15:40:44","date_gmt":"2024-12-04T14:40:44","guid":{"rendered":"https:\/\/centre-francais.de\/events\/frankreich-vs-wales-in-berlin-ansehen-uebertragung-des-eroeffnungsspiels-der-six-nations-2025-%f0%9f%8f%89\/"},"modified":"2025-01-22T12:04:52","modified_gmt":"2025-01-22T11:04:52","slug":"frankreich-vs-wales-in-berlin-ansehen-uebertragung-des-eroeffnungsspiels-der-six-nations-2025-%f0%9f%8f%89","status":"publish","type":"ajde_events","link":"https:\/\/centre-francais.de\/de\/events\/frankreich-vs-wales-in-berlin-ansehen-uebertragung-des-eroeffnungsspiels-der-six-nations-2025-%f0%9f%8f%89\/","title":{"rendered":"Frankreich vs. Wales in Berlin ansehen: \u00dcbertragung des Er\u00f6ffnungsspiels der Six Nations 2025 \ud83c\udfc9"},"content":{"rendered":"<p>&nbsp;<\/p>\n<p style=\"text-align: left;\"><strong>Du suchst noch einen Ort, an dem du dir das Er\u00f6ffnungsspiel der 6 Nations ansehen kannst? <\/strong>Du hast ihn gefunden! Triff uns <strong>im Berliner Rugby-Tempel<\/strong> und erlebe bei uns im CFB eine 100% authentische Rugby-Atmosph\u00e4re \u26a1<\/p>\n<p style=\"text-align: left;\">Das mit Spannung erwartete Duell zwischen <strong>Frankreich und Wales<\/strong> wird live auf der <strong>Gro\u00dfleinwand im City Kino Wedding<\/strong> \u00fcbertragen. Du sitzt also \u00fcberall auf dem besten Platz und tauchst komplett ein! \ud83d\udca5<\/p>\n<p><span data-olk-copy-source=\"MessageBody\">Im Vorfeld zeigen wir ebenfalls das WM-Qualifikationsspiel <strong>Rum\u00e4nien gegen Deutschland ab 17h!<\/strong><\/span><\/p>\n<p>&nbsp;<\/p>\n<h4 style=\"text-align: left;\"><span style=\"text-decoration: underline;\">Praktische Infos<\/span>:<\/h4>\n<p style=\"text-align: left;\">\ud83d\udccd <strong>Adresse<\/strong>: Centre Fran\u00e7ais de Berlin, M\u00fcllerstra\u00dfe 74, 13349 Berlin (U6 Rehberge).<\/p>\n<p style=\"text-align: left;\">\ud83d\udd52 <strong>Datum &amp; Uhrzeit<\/strong>: Freitag, 31. Januar 2025, ab 20 Uhr.<\/p>\n<p style=\"text-align: left;\">\ud83c\udf7b <strong>Vor Ort<\/strong>: K\u00fchles Bier &amp; Snacks &#8211; und das alles bei <strong>freiem Eintritt!<\/strong><\/p>\n<p>&nbsp;<\/p>\n<p style=\"text-align: left;\">\ud83d\udc65 Lade deine Freunde, Fans oder einfach nur Sportbegeisterte ein und teile mit ihnen die Leidenschaft f\u00fcr Rugby in einer warmen und festlichen Atmosph\u00e4re. Ob du ein Fan der \u201eBleus\u201c oder der \u201eDragons\u201c bist, jede*r ist willkommen! \ud83c\uddeb\ud83c\uddf7 \ud83c\udff4\udb40\udc67\udb40\udc62\udb40\udc77\udb40\udc6c\udb40\udc73\udb40\udc7f<\/p>\n<p style=\"text-align: left;\">\ud83d\udc49 <span style=\"color: #333399;\"><a style=\"color: #333399;\" href=\"https:\/\/fb.me\/e\/5zRBg44uZ\" target=\"_blank\" rel=\"noopener\"><strong>Melde dich jetzt kostenlos<\/strong> auf unserer Facebook-Seite an<\/a> <\/span>oder komm am Tag selbst bei freiem Eintritt vorbei!<\/p>\n<p>&nbsp;<\/p>\n<p><iframe loading=\"lazy\" title=\"YouTube video player\" src=\"https:\/\/www.youtube.com\/embed\/VLDS2u5_zzg?si=ImdeRztf-k8OJ2zm\" width=\"560\" height=\"315\" frameborder=\"0\" allowfullscreen=\"allowfullscreen\"><\/iframe><\/p>\n<p>&nbsp;<\/p>\n<p><span data-olk-copy-source=\"MessageBody\">Das Event wird vom DFJW unterst\u00fctzt &#8211; Danke!<\/span><\/p>\n","protected":false},"author":11,"featured_media":522224,"menu_order":0,"comment_status":"closed","ping_status":"closed","template":"","meta":[],"tags":[],"event_type":[182,36],"event_type_2":[],"class_list":{"0":"post-522218","1":"ajde_events","2":"type-ajde_events","3":"status-publish","4":"has-post-thumbnail","6":"event_location-centre-francais-de-berlin","7":"event_organizer-centre-francais-de-berlin","8":"event_type-kultur","9":"event_type-kino"},"_links":{"self":[{"href":"https:\/\/centre-francais.de\/de\/wp-json\/wp\/v2\/ajde_events\/522218"}],"collection":[{"href":"https:\/\/centre-francais.de\/de\/wp-json\/wp\/v2\/ajde_events"}],"about":[{"href":"https:\/\/centre-francais.de\/de\/wp-json\/wp\/v2\/types\/ajde_events"}],"author":[{"embeddable":true,"href":"https:\/\/centre-francais.de\/de\/wp-json\/wp\/v2\/users\/11"}],"replies":[{"embeddable":true,"href":"https:\/\/centre-francais.de\/de\/wp-json\/wp\/v2\/comments?post=522218"}],"wp:featuredmedia":[{"embeddable":true,"href":"https:\/\/centre-francais.de\/de\/wp-json\/wp\/v2\/media\/522224"}],"wp:attachment":[{"href":"https:\/\/centre-francais.de\/de\/wp-json\/wp\/v2\/media?parent=522218"}],"wp:term":[{"taxonomy":"post_tag","embeddable":true,"href":"https:\/\/centre-francais.de\/de\/wp-json\/wp\/v2\/tags?post=522218"},{"taxonomy":"event_type","embeddable":true,"href":"https:\/\/centre-francais.de\/de\/wp-json\/wp\/v2\/event_type?post=522218"},{"taxonomy":"event_type_2","embeddable":true,"href":"https:\/\/centre-francais.de\/de\/wp-json\/wp\/v2\/event_type_2?post=522218"}],"curies":[{"name":"wp","href":"https:\/\/api.w.org\/{rel}","templated":true}]}}

Frankreich vs. Wales in Berlin ansehen: Übertragung des Eröffnungsspiels der Six Nations 2025 🏉

<p>&nbsp;</p>
<p style="text-align: left;"><strong>Du suchst noch einen Ort, an dem du dir das Eröffnungsspiel der 6 Nations ansehen kannst? </strong>Du hast ihn gefunden! Triff uns <strong>im Berliner Rugby-Tempel</strong> und erlebe bei uns im CFB eine 100% authentische Rugby-Atmosphäre ⚡</p>
<p style="text-align: left;">Das mit Spannung erwartete Duell zwischen <strong>Frankreich und Wales</strong> wird live auf der <strong>Großleinwand im City Kino Wedding</strong> übertragen. Du sitzt also überall auf dem besten Platz und tauchst komplett ein! 💥</p>
<p><span data-olk-copy-source="MessageBody">Im Vorfeld zeigen wir ebenfalls das WM-Qualifikationsspiel <strong>Rumänien gegen Deutschland ab 17h!</strong></span></p>
<p>&nbsp;</p>
<h4 style="text-align: left;"><span style="text-decoration: underline;">Praktische Infos</span>:</h4>
<p style="text-align: left;">📍 <strong>Adresse</strong>: Centre Français de Berlin, Müllerstraße 74, 13349 Berlin (U6 Rehberge).</p>
<p style="text-align: left;">🕒 <strong>Datum &amp; Uhrzeit</strong>: Freitag, 31. Januar 2025, ab 20 Uhr.</p>
<p style="text-align: left;">🍻 <strong>Vor Ort</strong>: Kühles Bier &amp; Snacks &#8211; und das alles bei <strong>freiem Eintritt!</strong></p>
<p>&nbsp;</p>
<p style="text-align: left;">👥 Lade deine Freunde, Fans oder einfach nur Sportbegeisterte ein und teile mit ihnen die Leidenschaft für Rugby in einer warmen und festlichen Atmosphäre. Ob du ein Fan der „Bleus“ oder der „Dragons“ bist, jede*r ist willkommen! 🇫🇷 🏴󠁧󠁢󠁷󠁬󠁳󠁿</p>
<p style="text-align: left;">👉 <span style="color: #333399;"><a style="color: #333399;" href="https://fb.me/e/5zRBg44uZ" target="_blank" rel="noopener"><strong>Melde dich jetzt kostenlos</strong> auf unserer Facebook-Seite an</a> </span>oder komm am Tag selbst bei freiem Eintritt vorbei!</p>
<p>&nbsp;</p>
<p><iframe loading="lazy" title="YouTube video player" src="https://www.youtube.com/embed/VLDS2u5_zzg?si=ImdeRztf-k8OJ2zm" width="560" height="315" frameborder="0" allowfullscreen="allowfullscreen"></iframe></p>
<p>&nbsp;</p>
<p><span data-olk-copy-source="MessageBody">Das Event wird vom DFJW unterstützt &#8211; Danke!</span></p>
